is divided by 162?
160
Let w = 7597 - 7528. Let m = -20 - -40. What is the remainder when w is divided by m?
9
Calculate the remainder when 853 is divided by (-102)/(-867) + (-759)/(-51).
13
Suppose 0 = -5*l - 3*t + 8328, 8*l - 4*t = 11*l - 5010. What is the remainder when l is divided by 13?
11
Suppose -k = 4*l + 2*k - 748, 11*l = -2*k + 2032. What is the remainder when 9008 is divided by l?
176
Let d(j) = j**3 + 42*j**2 + 93*j + 603. What is the remainder when 2156 is divided by d(-40)?
81
Suppose 0 = -3*l + 45*l - 5887 + 2065. Calculate the remainder when 532 is divided by l.
77
Let u(y) = -y**3 + 14*y**2 - 7*y - 26. Suppose m - 2 + 3 = 0. Let f(l) = -3*l + 4. Calculate the remainder when u(13) is divided by f(m).
3
Let u(w) = 186*w + 7110. What is the remainder when u(-27) is divided by 123?
120
Suppose 0*j + 744 = 3*r - 3*j, -2*j = -5*r + 1237. Suppose l - 230 = -5*g, r = 4*g + 4*l + 63. Let y = g - 19. What is the remainder when 52 is divided by y?
25
Let z(g) = -3*g**3 - 27*g**2 - 138*g - 45. What is the remainder when z(-7) is divided by 3?
0
Let j = -137 - -375. Let r(g) = 8*g - 36. Let d be r(6). Suppose d*n - 275 = 301. What is the remainder when j is divided by n?
46
Suppose 5*v - 3*g - 881 = 0, 2*v + 147 = 2*g + 497. Suppose -182*h + 800 = -v*h. What is the remainder when h is divided by 23?
16
Suppose -25*o - 43*o = -25153 - 123835. Calculate the remainder when o is divided by 122.
117
Suppose -4*t - 4*f - 532 = 0, -5*f = -4*t - 190 - 297. Let p = t - -168. Calculate the remainder when p is divided by 11.
7
Let l(o) = o**2 - 7*o + 14. Let q be l(4). Suppose q*a = -3*a + 4680. What is the remainder when (((-5)/(-2))/5)/(9/a) is divided by 18?
16
Let o = 46 - 36. Let g = -6 + o. Suppose -i + 3*z - 177 = -g*i, 2*i = -5*z + 106. What is the remainder when i is divided by 32?
31
Let a(y) = 220*y + 671. Suppose -27 = -q + 5*m, 3*q + 8*m - 4*m = -14. What is the remainder when a(-3) is divided by q?
1
What is the remainder when (-1 - -1) + 549892/287 is divided by 319?
2
Suppose -25*t = 3*t + 2*t - 1440. What is the remainder when 513 is divided by t?
33
Let m(f) = f**2 + 21*f + 46. Let n be m(-19). Suppose -n*u = -444 - 252. Calculate the remainder when u is divided by 22.
21
Let t = 3567 - 2990. What is the remainder when t is divided by 23?
2
Let k(d) = 118*d - 524. Calculate the remainder when 389 is divided by k(5).
59
Calculate the remainder when 1055 is divided by (-66)/(-13 - (-299)/26).
43
Suppose 1288 - 1196 = 4*y. What is the remainder when (-244)/8*(-2 - 2) is divided by y?
7
Suppose l - 15 = 17. Calculate the remainder when l is divided by 11/(-4) + 2 + 5950/680.
0
Let n = -19 + 21. Suppose 5*z - 510 = -n*k, -3*k = 2*k. Suppose 3*j - 9 - z = 0. Calculate the remainder when j is divided by 20.
17
Suppose -250*s - 76*s + 231786 = 0. Let x(p) = 45*p - 1. Calculate the remainder when s is divided by x(2).
88
Let d(s) = -s**2 + 65*s - 12. What is the remainder when d(23) is divided by 40?
34
Let c(l) = -10*l + 4. Let y be c(0). Suppose 0 = -z + 5*u + 39, -3*z - 23 = -y*u - 184. What is the remainder when z is divided by 32?
27
Suppose 4*y + 2559 = -0*v + 3*v, 4*v - 5*y - 3412 = 0. What is the remainder when v is divided by 76?
17
Suppose 4*m = 4*y + 1100, 25*m - 5*y = 22*m + 837. Calculate the remainder when m is divided by 225.
44
Let c = -27 - -36. Suppose -2*s - f - 11 = -7*s, s = 5*f + 7. Suppose -3*u + 94 - 4 = 5*h, -4*u + 106 = s*h. Calculate the remainder when u is divided by c.
7
Let y(k) = 5*k - 4. Suppose n + 7 = -2*j, 3*n - 24 = -j + 4*j. What is the remainder when (3/(81/387))/(2/6) is divided by y(n)?
10
Suppose 6*q - 4*q = 110. Let l = q + -24. Let h = 36 + 55. What is the remainder when h is divided by l?
29
Let h = 205 - 202. Suppose 0 = h*w + 22*w - 325. What is the remainder when ((-2)/(-3))/(4/534) is divided by w?
11
Calculate the remainder when 154 is divided by (-255)/34*(-76)/10 - 3.
46
Suppose -5*t + 84 = 2*g, 0*t + 2*t + 4*g = 40. Let v = -25 + 61. Let m = v + 21. What is the remainder when m is divided by t?
9
Let j = 19 + -13. Calculate the remainder when ((-60)/50)/((-2424)/800 - -3) is divided by j.
4
Let x(h) = -h**3 + 6*h**2 - 4*h - 8. Let l = -86 + 44. Let a be ((-46)/(-14) - (-12)/l) + 1. What is the remainder when 31 is divided by x(a)?
7
Let v = 14295 + -11348. Calculate the remainder when v is divided by 67.
66
Let m be ((-3)/(-6))/(3/78). Suppose -8 = -3*x + m. What is the remainder when (7/(-21))/((-2)/162) is divided by x?
6
Suppose -2*c = -3*g + 80, 2*g - 3*c = -2*g + 108. Let b = -2 + g. What is the remainder when 65 is divided by b?
21
Suppose 5*z = k - 73, 3*k - 5*k - 2*z + 206 = 0. Suppose 38*x + 32 = 30*x. Let n = 16 - x. What is the remainder when k is divided by n?
18
Let t(s) = -s**3 - 11*s**2 + 957*s - 164. Calculate the remainder when (-205)/(-1) - (1 - 1) is divided by t(-37).
16
What is the remainder when ((-18)/22 - -1) + (-6232)/(-88) + -6 is divided by 24?
17
Suppose -2*a + 6*f - 2*f = 28, 5*a + 40 = 4*f. What is the remainder when 95 is divided by (-1)/a - (70/(-8) + 3)?
5
Suppose -56*g + 60*g + 2*b - 1260 = 0, 2*g - 3*b - 614 = 0. Calculate the remainder when g is divided by 153.
7
What is the remainder when 13858 is divided by -56*(19/114)/((-4)/9)?
19
Suppose -3*h + 20 = -2*i - 3, 0 = 3*h + 3*i + 12. What is the remainder when 506 is divided by h?
2
Suppose -1937 = 6*r - 1925. Calculate the remainder when 481 is divided by ((-1358)/21)/(r/3).
93
Suppose 15*w + 543 = -2*w + 3382. What is the remainder when 2837 is divided by w?
165
Let w = 19 - 9. Suppose 732 = 16*y - w*y. Suppose 3*v = -2*k + 95, -2*k - 126 = -4*v - 4. What is the remainder when y is divided by v?
29
Let p = -450 + 465. What is the remainder when p/(-3) - (-93 + 22) is divided by 35?
31
Let j = -592 - -591. Calculate the remainder when j/(-2) - 753/(-6) is divided by 8.
6
Let o(g) = -g**3 + 13*g**2 - 16*g + 37. Let x be o(12). What is the remainder when 194 is divided by x/((-88)/192) + 1?
19
Let q = 0 + 13. Let a(v) = -v**2 - 26*v + 80. Calculate the remainder when a(-27) is divided by q.
1
What is the remainder when (1122/55 - 21) + (-4383)/(-5) is divided by 20?
16
Suppose -2*u = -6, l = -2*u + 187 + 5. Let i = l - 135. Calculate the remainder when 301 is divided by i.
46
Suppose -17*g + 36*g - 56 = 15*g. What is the remainder when g is divided by 8?
6
Suppose -4623 = -16*r + 3281. Let n = r - 380. What is the remainder when n is divided by 52?
10
Let t(x) = -x**2 + 13*x + 4. Suppose 27213*k + 168 = 27221*k. Calculate the remainder when t(6) is divided by k.
4
Let r be (2/10 - (-36)/(-30))*-137. Suppose 0 = 6*t - 245 + r. What is the remainder when t is divided by 8?
2
Suppose -2*g = 4*a - 33 - 3, -2*g - 28 = -4*a. Suppose -4*l = a - 104. What is the remainder when (-942)/(-10) - (-1)/(-5) is divided by l?
22
Suppose 5*m - t = 4*t + 155, -2*m = -4*t - 68. Suppose -371 = 2*h - 9*h. Calculate the remainder when h is divided by m.
25
Let r(g) = -3*g - 29. Suppose 0 = -2*j + 3*t + 112, -4*j = -2*t - 156 - 68. Let y = -72 + j. Calculate the remainder when r(y) is divided by 7.
5
Let a be ((-146)/292)/((-2)/4). Suppose 2*q - 4*o + 12 = 0, 2 = -4*o + 5*o. What is the remainder when -17*(a - q/(-1)) is divided by 6?
5
Suppose 2 = -2*h, -2*o + 121 = -5*h - 128. Suppose 4*q + 49*a - 49 = 52*a, -5*q + 3*a + 68 = 0. What is the remainder when o is divided by q?
8
What is the remainder when 1672 is divided by ((-1)/2)/(17 + (-2109)/124)?
60
Calculate the remainder when 1*1099/21*1*3 is divided by 16.
13
Suppose 2*f = -2*y + 228, -2*y = -5*f + 9*f - 458. Suppose -2*o + 45 = o. Calculate the remainder when f is divided by o.
10
Let r = -1117 + 1681. Suppose 29*z - 17*z = r. What is the remainder when z is divided by 19?
9
Let b(f) = f**2 + 3. Let h = -118 + 118. Calculate the remainder when 0 + 36*1*(h - -1) is divided by b(0).
0
Suppose 12*d + 10663 = 48957 + 28450. What is the remainder when d is divided by 116?
110
Let c = 241 - 117. Let o be 11/(0 - 5/5). Let g(j) = -j**3 - 11*j**2 - 3*j - 8. What is the remainder when c is divided by g(o)?
24
Suppose -226*f + 20149 = -177149. What is the remainder when f is divided by 23?
22
Let t(v) = 190*v**2 + 285*v + 1122. What is the remainder when t(-4) is divided by